+ 9/2*n**2. Calculate x(-1).
-9
Suppose -589 + 124 = -5*x. Let i(w) = w**2 + 4*w**2 - 92*w - 6*w**2 + x*w. Suppose 0*d = 5*d - 5. What is i(d)?
0
Let s = 12 + -4. Let k(x) = -7*x + s + x**2 + 9 - 16. Calculate k(6).
-5
Let m(i) be the first derivative of i**2 + 7*i + 93. Calculate m(3).
13
Let u be 2*-1*(-11)/(-2). Let q(s) be the third derivative of s**5/60 + 11*s**4/24 - s**3 + 92*s**2 + 33. Give q(u).
-6
Let w(p) = 10*p - 1. Let v be (2 + -1)*6*-4. Let o = v - -29. Let t = 6 - o. Give w(t).
9
Let r = 215 - 217. Let a(x) = -3*x + 2. Determine a(r).
8
Let a(u) = -3*u**3 - 9*u**2 - 11*u - 5. Let j(o) = 5*o**3 + 1661*o**2 - 1660*o**2 - 4*o**3 + o + 1. Let h(c) = a(c) + 4*j(c). Calculate h(6).
-7
Let r(s) = s**3 - 4*s - 8. Let q(f) be the first derivative of -f**3/3 + f**2/2 + f - 21. Let b(d) = 3*q(d) + r(d). Determine b(4).
7
Let f(g) = -4 - 3 - g**2 - 11 + 31. Calculate f(-6).
-23
Let x(r) be the third derivative of -r**4/24 - 2*r**3 - 161*r**2. Give x(-12).
0
Let m(w) = -w**3 - 7*w**2 + w + 8. Let u be m(-7). Let f(c) = -19 + u + c + 2 + 6. Calculate f(7).
-3
Let g = 20 + -17. Let p = -1 + 7. Let u(z) = z + z - p*z + g. Determine u(4).
-13
Let t be (4 + 1)*(-2)/(-5). Suppose -o - t*b + 302 = 2*b, -3*o = 4*b - 930. Let q(s) = 3*s**3 + s + 314 - o - 2*s**2. Determine q(1).
2
Let t(f) be the first derivative of f**3/6 + 11*f**2/2 - 11*f + 7. Let i(c) be the first derivative of t(c). Calculate i(0).
11
Let f(b) be the first derivative of -1/2*b**2 - 16 + 12*b. Calculate f(7).
5
Suppose -3*m + 79 = 4*z + 295, 5*z + 247 = 2*m. Let l = z + 55. Let d(r) = r**2 - 3*r + 2. Calculate d(l).
6
Let q be (-36 - 0)*((-1)/1)/4. Let h(c) = c - 12. What is h(q)?
-3
Suppose 0*t + 5*f - 16 = -2*t, 24 = 3*t - 3*f. Let a(m) be the first derivative of -m**3/3 + 4*m**2 + 5*m - 186. Determine a(t).
5
Let x(d) = 7*d + 2. Let o(w) = -w. Let u(q) = -4*o(q) - x(q). Suppose 4*c - 17 = p + 7, 0 = 5*c + 3*p - 47. Determine u(c).
-23
Suppose 0 = -8*i + 3*i + 15. Suppose 0*y - 54 = -3*y - i*m, -3*y - m + 52 = 0. Let o(b) = -3 - 6*b - 10*b + 10 + y*b. Calculate o(-5).
2
Let d be (3 - 4)*(-6)/(-1). Let a(y) = -4*y**3 + 5*y**3 + 9 + 188*y**2 - 3 - 4*y - 2 - 183*y**2. What is a(d)?
-8
Let j(g) = g**2 - 7*g - 1. Suppose 0*b + 2*b - 40 = 0. Suppose -4*z = -0*z - b. Suppose -5*x = -4*n + 29, -z*n + 28 = x + x. Give j(n).
-7
Let p = 33 - 26. Let f(m) = -m - 5 - p*m + m**2 + 7*m. Give f(-4).
15
Let g(v) = v - 3. Let m(c) be the first derivative of -c + 13. Let d(h) = g(h) + 2*m(h). Calculate d(-6).
-11
Let o(v) be the second derivative of v**5/20 + 11*v**4/12 + v**3/2 - 2*v**2 + 17*v. Give o(-11).
-37
Let k = 16 + -13. Suppose 9 = k*y + 6. Let u(r) = r + 5*r**3 + 2*r**3 + r**2 - 6*r**3 - y. What is u(0)?
-1
Let q(j) = j**3 - j**2 - j - 10. Let v = -224 + 224. What is q(v)?
-10
Let z(g) = g**3 + 2*g**2 - 5*g - 4. Let p(y) be the first derivative of -y**2/2 - 8*y + 147. Let s(n) = -n. Let d be s(4). Let r be p(d). Determine z(r).
-16
Let q(j) = 3*j**3 + 10*j**2 + 13*j + 2. Let y(m) = -4*m**3 - 10*m**2 - 13*m - 1. Let h(z) = -3*q(z) - 2*y(z). Calculate h(-9).
32
Let v(l) be the first derivative of -l**4/4 - 4*l**3/3 + 2*l + 107. Determine v(-2).
-6
Let c(n) = 32*n**2 - n. Suppose -221*l - 5 = -226*l. Calculate c(l).
31
Let o = -6 - -2. Let q be 9/o*(10 - 6). Let u be 10/(-55) - q/(-11). Let b(s) = 2*s**2 + s + 1. Give b(u).
2
Let p(x) = 24 + 5 - 26 - 5 + 6*x. Determine p(-10).
-62
Let k(s) = 590*s - s**2 + 3 - 594*s + 2*s**2. Determine k(7).
24
Let p(c) = 7*c - 10. Let r be p(1). Let v(k) = -k**3 + k**2 + k + 2. Give v(r).
35
Let z be (-1 + 1)*2*1/(-2). Let t be 0 + 1 + 6 + z + -10. Let q(o) = o + 1. Determine q(t).
-2
Let s(v) be the first derivative of v**3/3 + v**2 + 59. Give s(-1).
-1
Let q(a) be the second derivative of -a**4/12 + a**3/3 + a**2/2 - 2*a. Let d = 4926 - 4924. Determine q(d).
1
Let x = 54 + -52. Let p(d) = -d + 3. Calculate p(x).
1
Let b be (-112)/(-32) - 1/(-2). Suppose -4*j + 5 - 12 = -5*p, -b*p + j = -10. Let f(d) = 2. Let q(m) = m - 1. Let r(g) = f(g) - q(g). Give r(p).
0
Let o(m) = 4*m**3 - 4*m**2 + 5*m - 1. Let k(a) = -a**3 - a. Let u(h) = 6*k(h) + o(h). Calculate u(-2).
1
Let k(w) be the second derivative of w**6/720 - w**5/120 + 3*w**4/4 - 4*w. Let b(j) be the third derivative of k(j). Let n = -3 - -8. What is b(n)?
4
Let u(j) be the first derivative of -j**2/2 - 4*j + 27. Let c be 5/(45/(-21))*3. Determine u(c).
3
Suppose 2*s + 0*s + n - 5 = 0, -n = 3*s - 6. Let w(u) = -s + 54*u - 50*u - u**2 + 2*u**2. Determine w(-5).
4
Let r(c) = -1 - 7*c + 3*c - 1. Suppose 6*g = 3*g + 30. Let y be (1/(-4))/(g/(-120)). Determine r(y).
-14
Suppose 4 = 2*o + 4 + 14. Let c(i) = -i**3 + 2*i**3 + 7*i**2 + 2*i + 0*i + 10. Give c(o).
-4
Suppose -1 + 5 = -2*p. Let a(s) = 2*s**2 + 6*s - 3. Let t(y) = y**2 + 6*y - 4. Let u(r) = p*a(r) + 3*t(r). Suppose 0 = -8*k + 9 + 23. What is u(k)?
2
Let t be ((-462)/88)/(3/4). Let r(q) = q**3 + 6*q**2 - 11*q - 17. What is r(t)?
11
Let r(o) = o - 10. Let u be -2 + -1 + 3 + 8. Let t be r(u). Let d(p) be the second derivative of -p**5/10 - p**4/4 - 2*p**3/3 - p**2 - 2*p. Calculate d(t).
10
Let j(h) = -7*h + 140*h**2 - 141*h**2 + 3*h + 5 + 3*h. Calculate j(-3).
-1
Suppose -m = -u - 0*m - 41, m + 97 = -2*u. Let b = u - -22. Let p be (6/12)/(3/b). Let o(d) = d**3 + 4*d**2 - 2*d - 1. Determine o(p).
7
Let g(c) = 16*c**3 + c**2 - 1. Let z be 4/22 + 595/(-187) - 13. Let u be (-10)/8 + ((-20)/5)/z. What is g(u)?
-16
Let m(n) = -7*n**2 + 6*n + 3. Let l(c) = -20*c**2 + 16*c + 9. Let r(f) = -6*l(f) + 17*m(f). Give r(-8).
13
Let q(m) = -6*m**3 + 1. Let x = 221 - 222. Determine q(x).
7
Suppose 8*t = 3*t + 15. Suppose 0 = 4*r + 2*g + 20, -6*r - 17 = -t*r + 2*g. Let d(f) be the first derivative of 2*f**3/3 + f**2 + f + 57. Calculate d(r).
13
Let q(p) = p**3 + 14*p**2 - p + 8. Let h be (-98)/6 + (-7)/(-3). Calculate q(h).
22
Let w(p) = -575 + p + 282 + 286. Give w(7).
0
Let w(p) = 0*p**2 - 18*p + 34*p - 19*p + 3 + p**3 - 2*p**2. Give w(3).
3
Let i be ((-4)/(-3))/((-4)/6) + 11. Let m be 21/24*4 - i/6. Let c(p) = -p**3 - 3*p**2 + 2*p + 1. What is c(m)?
-15
Let d be (-11)/4 + (-2)/8. Let l be 3*2*(-2)/3. Let h(m) = 19*m - 12. Let p(q) = -7*q + 4. Let r(z) = l*h(z) - 11*p(z). Calculate r(d).
1
Suppose -2*s - d = -2 - 0, -3*s = -d - 8. Suppose 2*p + 2*p + 4 = s*h, -3*p - 3 = -3*h. Suppose -c + h*c - 2 = 0. Let l(b) = 3*b**2 + 4*b + 2. Determine l(c).
6
Suppose 5*c + 0*y = 4*y + 11, -3*c - 4*y = -13. Let s(p) = -7*p - p**3 - 5 - 6*p**2 + 9 - p - c*p**2. What is s(-8)?
4
Let r(m) be the third derivative of -m**6/120 - 7*m**5/60 + 11*m**4/24 + 195*m**2. Calculate r(-8).
-24
Let j(p) = -p + 3. Suppose 3 + 2 = 5*l. Let f(b) = -b - 1. Let m(s) = 2*s + 2. Let k(v) = 4*f(v) + m(v). Let w be k(l). Give j(w).
7
Let y(k) = k**3 - 7*k**2 + 5*k + 7. Suppose -3*l - 37*g = -40*g, -5 = 4*l - 5*g. What is y(l)?
-18
Let a be 6/1 + (2 - 3). Let m(r) = 4 - r**2 - 6*r + a + r. Calculate m(-7).
-5
Let f(w) be the second derivative of -w**5/20 + w**4/3 - 2*w**3/3 - 5*w**2/2 + w. Suppose -2 = b, -3*b = 6*v - 18 - 0. Determine f(v).
-21
Let s(w) = -5*w - 3 + 3 + 3. Let p(x) be the first derivative of -x**3/3 - 11*x**2/2 - 8*x + 19. Let f be p(-10). Give s(f).
-7
Let m(s) = 3 + 5 + 2 + 0 - s. Suppose 8*c - 5*c - 27 = 0. Give m(c).
1
Let i(k) = 3*k**2 + k**2 + 5 - 3*k**2 + 14*k - 14*k + 7*k. Give i(-7).
5
Let d(v) = -v**3 - 8*v**2 + 10*v + 13. Let t = 131 - 140. Calculate d(t).
4
Let o(j) be the third derivative of 0*j**5 - 10*j**2 + 0*j - 1/120*j**6 + 1/24*j**4 - 3/2*j**3 + 0. Determine o(0).
-9
Let p = -20 + 25. Let d = -1 - p. Let x(u) = 5*u**3 - 5*u - 13. Let w(r) = -14*r**3 + r**2 + 14*r + 38. Let y(v) = 6*w(v) + 17*x(v). Determine y(d).
13
Let y(b) = 31*b**2 - 16*b**2 - 2*b**3 - 2*b - 1 - 16*b**2. Determine y(-1).
2
Let w(t) = t**3 + 16*t**2 - 2*t - 14. Let p be w(-16). Let x be 12/p - ((-84)/9)/4. Let k(u) = -3*u + 2. Determine k(x).
-7
Let i(q) = 2*q - 9. Let m = 1174 - 1170. Give i(m).
-1
Suppose 5 - 47 = -7*v. Suppose -2*c - 13 = v*n - 3*n, 4*c = -n - 11. Let k(h) be the first derivative of 2*h**2 + h + 1. What is k(c)?
-7
Let z(r) = r**3 - 2*r**2 - r + 2. Let c = -109 + 109. What is z(c)?
2
Let v(n) = 2*n + 7. Let q = -63 - -63. Suppose -12 = g - u - 3*u, 4*u - 36 = -5*g. Suppose 